37721?
-37721
In base 3, what is -122211011 + 2?
-122211002
In base 4, what is -122303 + 1210?
-121033
In base 8, what is -4 - 3044?
-3050
In base 6, what is -304043 - -10?
-304033
In base 5, what is -4222 - 14133?
-23410
In base 15, what is -3 + -773?
-776
In base 12, what is -44 + -334?
-378
In base 6, what is 34 - -125332?
125410
In base 10, what is -21 + -17804?
-17825
In base 14, what is 15 - 1ba3?
-1b8c
In base 10, what is -71221 + -4?
-71225
In base 8, what is -1 - 22712?
-22713
In base 10, what is -5 - -170386?
170381
In base 14, what is 25a - -4114?
4370
In base 10, what is -4 - 141565?
-141569
In base 9, what is 51052 - 0?
51052
In base 9, what is -120665 + -2?
-120667
In base 16, what is -1c - -cf7f?
cf63
In base 6, what is 1244 - 33205?
-31521
In base 3, what is -11100 - -12220?
1120
In base 16, what is -1091 - -16?
-107b
In base 8, what is -4776645 + -5?
-4776652
In base 3, what is -22200 + 12?
-22111
In base 15, what is 1 + 9b8ae?
9b8b0
In base 5, what is -204131 - -43?
-204033
In base 9, what is 11213 + 8?
11222
In base 3, what is 20200120120021 + 0?
20200120120021
In base 16, what is -17811 + 0?
-17811
In base 2, what is -10 - 111101011011?
-111101011101
In base 7, what is -424530 - -2?
-424525
In base 13, what is -4 + -10996?
-1099a
In base 10, what is -34 + 153524?
153490
In base 11, what is 317328 + -2?
317326
In base 6, what is -1221 - 24113?
-25334
In base 10, what is -185835 - 1?
-185836
In base 12, what is 1030 - -6?
1036
In base 2, what is 1 - -1011111111000110?
1011111111000111
In base 12, what is -4a - -57a99?
57a4b
In base 13, what is 4a - -672a?
6777
In base 12, what is 8130 - -10?
8140
In base 12, what is -b22 - -160?
-982
In base 12, what is 3863b - -15?
38654
In base 13, what is -793 + -8?
-79b
In base 7, what is -403 - 150?
-553
In base 12, what is -b38a9b + 2?
-b38a99
In base 15, what is d + 341?
34e
In base 6, what is -10413 - 44?
-10501
In base 8, what is 245 - 57?
166
In base 9, what is -1 - -3003?
3002
In base 6, what is 341151110 - -3?
341151113
In base 15, what is -24 + 3919?
38e5
In base 6, what is 3 - 35530403?
-35530400
In base 11, what is 137 - -30?
167
In base 3, what is -210100211 + 1211?
-210022000
In base 13, what is -4 + -25c89?
-25c90
In base 8, what is 57134 - -12?
57146
In base 16, what is 6 + 22b54?
22b5a
In base 12, what is 3b8 - -1b7?
5b3
In base 3, what is -10221002 + 1112?
-10212120
In base 9, what is -11 + -477066?
-477077
In base 14, what is -1d46c - 5?
-1d473
In base 13, what is -5 + 1542?
153a
In base 8, what is -14347 + 3?
-14344
In base 3, what is -1 - -2222222001?
2222222000
In base 9, what is -48 - 3821?
-3870
In base 12, what is 4 + -73192?
-7318a
In base 3, what is -11102 - -1012121201?
1012110022
In base 15, what is 4 - 12998?
-12994
In base 4, what is 2330 + -20112?
-11122
In base 6, what is 21 - -121454?
121515
In base 5, what is -10 + -103412?
-103422
In base 5, what is 4020 - 3442?
23
In base 4, what is -2 - 103033?
-103101
In base 2, what is -101 - 1111001100111101111?
-1111001100111110100
In base 8, what is 176074 + 2?
176076
In base 7, what is 235 - -1410?
1645
In base 7, what is -5 + -234523?
-234531
In base 4, what is -32200 + 112?
-32022
In base 15, what is db8 + 50?
e18
In base 5, what is 210042304 - -3?
210042312
In base 12, what is 92a - 1?
929
In base 3, what is 1221012 - 20110?
1200202
In base 2, what is -1000100001110001 + 11?
-1000100001101110
In base 10, what is 82 - 5794?
-5712
In base 10, what is -1 - 15945?
-15946
In base 10, what is -113 + -16771?
-16884
In base 10, what is -202061 + 0?
-202061
In base 8, what is 0 - 420510?
-420510
In base 16, what is a2 + 3d13?
3db5
In base 12, what is 13 - 484a?
-4837
In base 16, what is 14 + 32b0?
32c4
In base 4, what is -2 - 11303130210?
-11303130212
In base 5, what is -23 + 222443?
222420
In base 7, what is 263 - 3644?
-3351
In base 9, what is 688 + -221?
467
In base 13, what is c + 14a12?
14a21
In base 3, what is -202020 + 2020212?
1111122
In base 9, what is 464 - -13?
477
In base 8, what is -204 - 14?
-220
In base 7, what is 50 + 3134?
3214
In base 3, what is 11 + -12122010201?
-12122010120
In base 13, what is c + -36516?
-36507
In base 7, what is -24151 + -2?
-24153
In base 2, what is 101000110001 - 11111110?
100100110011
In base 7, what is -143 + -35216?
-35362
In base 15, what is 13 - c7?
-b4
In base 6, what is 234 - 455?
-221
In base 10, what is -108346 - -3?
-108343
In base 14, what is -4 + 5436?
5432
In base 4, what is 110 - 31110221?
-31110111
In base 4, what is -22011330 + -110?
-22012100
In base 6, what is -1210441 + -11?
-1210452
In base 6, what is 53 - -401120?
401213
In base 11, what is -4 - 386759?
-386762
In base 7, what is -5 + -53314?
-53322
In base 11, what is -13327 - -24?
-13303
In base 14, what is 1c3c + 1c?
1c5a
In base 4, what is -100030 + -1313?
-102003
In base 16, what is -50fe4 - 1?
-50fe5
In base 5, what is 112 - 1232004?
-1231342
In base 9, what is 351642 + 4?
351646
In base 16, what is 19 + e0?
f9
In base 9, what is -161434 + -61?
-161505
In base 7, what is -2 - -40464?
40462
In base 2, what is -1110000100 + -110110110?
-10100111010
In base 5, what is 3 - -244134?
244142
In base 3, what is 1121201112 - 1110?
1121200002
In base 6, what is 11102 + 3125?
14231
In base 8, what is 2 - -56315?
56317
In base 16, what is b361 - -5?
b366
In base 16, what is 21bc - -1?
21bd
In base 2, what is -1101111 - 11101?
-10001100
In base 12, what is 218 - 16a?
6a
In base 4, what is -1002231223230 - 11?
-1002231223301
In base 6, what is -2 - -41505?
41503
In base 5, what is -1010442 + 0?
-1010442
In base 7, what is 342 - 6423?
-6051
In base 9, what is 72 - 86?
-14
In base 15, what is 17a7 - 2c?
177a
In base 3, what is -2 + -1000222000?
-1000222002
In base 8, what is -124253 - 4?
-124257
In base 10, what is -47274 - -4?
-47270
In base 13, what is -366c75 + -4?
-366c79
In base 5, what is 1 + -1323022?
-1323021
In base 9, what is 730505 + -3?
730502
In base 7, what is 1 - 564155?
-564154
In base 5, what is -12 + -3003031?
-3003043
In base 13, what is -4 - -7563?
755c
In base 2, what is 110010 + -111101?
-1011
In base 4, what is 1323 + 20232?
22221
In base 14, what is -9a658 - -2?
-9a656
In base 3, what is -2112121 + 21?
-2112100
In base 11, what is 7406 - 4?
7402
In base 10, what is 216 + 2367?
2583
In base 7, what is 4 + -25011?
-25004
In base 7, what is -1236 + -35?
-1304
In base 15, what is 4 - bc2b?
-bc27
In base 15, what is 3c0 + 29c?
66c
In base 8, what is -1170260 - -1?
-1170257
In base 7, what is -23416 + -12?
-23431
In base 16, what is 42 - -c18?
c5a
In base 3, what is -200202100000 + 10?
-200202022220
In base 10, what is 12 - -6094?
6106
In base 15, what is -563ca9 - 4?
-563cad
In base 4, what is -3011200 + -11330?
-3023130
In base 12, what is -3635 - -52?
-35a3
In base 8, what is -22 + -4757?
-5001
In base 2, what is 1000 + 11000101010111111?
11000101011000111
In base 8, what is -374 - 47?
-443
In base 12, what is 456 + 95b?
11b5
In base 2, what is 1011101100011010100 - 11?
1011101100011010001
In base 6, what is -222 + -3143?
-3405
In base 5, what is 3143301 + -42?
3143204
In base 11, what is -5 + 3795?
3790
In base 6, what is 3 - 23005551?
-23005544
In base 15, what is 11c9e + -e?
11c90
In base 5, what is 124 + -2100143?
-2100014
In base 4, what is 32 + -21110?
-21012
In base 10, what is -8880 - 3?
-8883
In base 10, what is -44 - -2053?
2009
In base 2, what is -1110110111111001 - 110?
-1110110111111111
In base 9, what is -2126 + 26?
-2100
In base 7, what is 2410155 - 5?
2410150
In base 16, what is 3 - fde?
-fdb
In base 16, what is -5 - 40480?
-40485
In base 4, what is 0 + 233033003?
233033003
In base 15, what is 334 - -52?
386
In base 14, what is 3cd7d + 4?
3cd83
In base 6, what is 150 + -34054?
-33504
In base 15, what is -1 + e7e?
e7d
In base 3, what is -12200010 + -2111?
-12202121
In base 9, what is 1 + 82?
83
In base 14, what is 1 + 86b2d?
86b30
In base 13, what is -19 + -559c?
-55b8
In base 5, what is 12323043 - 1?
12323042
In base 12, what is 18 - 1b4a?
-1b32
In base 3, what is 121221 - 10002022?
-2110101
In base 15, what is 0 + 38066?
38066
In base 12, what is 4 - -79773?
79777
In base 5, what is 113 + -1114321?
-1114203
In base 7, what is 53530 - 165?
53332
In base 8, what is 61566 + 2?
